{"id":178,"date":"2024-02-19T21:05:30","date_gmt":"2024-02-19T21:05:30","guid":{"rendered":"http:\/\/192.168.10.58\/cdr\/?page_id=178"},"modified":"2026-02-28T17:08:06","modified_gmt":"2026-02-28T17:08:06","slug":"les-animations","status":"publish","type":"page","link":"https:\/\/citadellederoq.fr\/index.php\/les-animations\/","title":{"rendered":"Les Animations"},"content":{"rendered":"\n<p>La CDR est une association reconnue par le minist\u00e8re de la jeunesse et des sports.<\/p>\n\n\n\n<p>A ce titre nous organisons des animations pour les petits et grands lors des festivals et \u00e9v\u00e8nements publiques.<\/p>\n\n\n\n<p>Parmi nos animations :<\/p>\n\n\n\n<ul>\n<li>En 2014 \u00e0 Bougue : inauguration du chateau de Sable (XIIIe)<\/li>\n<\/ul>\n\n\n\n<p>Les journ\u00e9es du patrimoine :<\/p>\n\n\n\n<ul>\n<li>De 2016 \u00e0 2018 \u00e0 Lescar pour Les myst\u00e8res de la cit\u00e9<\/li>\n<\/ul>\n\n\n\n<ul>\n<li>En 2023 \u00e0 Roquefort<\/li>\n<\/ul>\n\n\n\n<p>Les f\u00eates patronales \u00e0 Roquefort :<\/p>\n\n\n\n<ul>\n<li>Tous les ans depuis 1999 (sauf 2020-2021: COVID)<\/li>\n<\/ul>\n","protected":false},"excerpt":{"rendered":"<p>La CDR est une association reconnue par le minist\u00e8re de la jeunesse et des sports. A ce titre nous organisons des animations pour les petits et grands lors des festivals et \u00e9v\u00e8nements publiques. Parmi nos animations : Les journ\u00e9es du patrimoine : Les f\u00eates patronales \u00e0 Roquefort :<\/p>\n","protected":false},"author":1,"featured_media":0,"parent":0,"menu_order":0,"comment_status":"closed","ping_status":"closed","template":"","meta":{"footnotes":"","_vp_format_video_url":"","_vp_image_focal_point":[]},"_links":{"self":[{"href":"https:\/\/citadellederoq.fr\/index.php\/wp-json\/wp\/v2\/pages\/178"}],"collection":[{"href":"https:\/\/citadellederoq.fr\/index.php\/wp-json\/wp\/v2\/pages"}],"about":[{"href":"https:\/\/citadellederoq.fr\/index.php\/wp-json\/wp\/v2\/types\/page"}],"author":[{"embeddable":true,"href":"https:\/\/citadellederoq.fr\/index.php\/wp-json\/wp\/v2\/users\/1"}],"replies":[{"embeddable":true,"href":"https:\/\/citadellederoq.fr\/index.php\/wp-json\/wp\/v2\/comments?post=178"}],"version-history":[{"count":4,"href":"https:\/\/citadellederoq.fr\/index.php\/wp-json\/wp\/v2\/pages\/178\/revisions"}],"predecessor-version":[{"id":2388,"href":"https:\/\/citadellederoq.fr\/index.php\/wp-json\/wp\/v2\/pages\/178\/revisions\/2388"}],"wp:attachment":[{"href":"https:\/\/citadellederoq.fr\/index.php\/wp-json\/wp\/v2\/media?parent=178"}],"curies":[{"name":"wp","href":"https:\/\/api.w.org\/{rel}","templated":true}]}}